(n) = -2658*n - 10592. Calculate h(-4).
40
Let h(f) = -11*f**2 - 210*f - 19. Calculate h(-19).
0
Let r(f) = f**3 - 12*f**2 - 137*f + 72. Give r(19).
-4
Let o(f) = 2*f**2 + 11*f + 25. What is o(-7)?
46
Let y(k) = -36*k - 237. Calculate y(-6).
-21
Let p(r) = -8*r**2 - 91*r + 15. Give p(-11).
48
Let x(g) = -2*g**2 - 632*g - 5506. Determine x(-9).
20
Let a(q) = 2*q**3 + 54*q**2 + 361*q - 26. Calculate a(-13).
13
Let t(f) = f**3 - 214*f**2 - 210*f - 1076. What is t(215)?
-1
Let z(m) = -2*m**3 + 59*m**2 - 267*m + 49. Give z(24).
-23
Let p(f) = -6*f**3 - 29*f**2 + 24*f + 3. What is p(-8)?
1027
Let x(g) = g**3 + 3*g**2 + 16*g - 7. Calculate x(-4).
-87
Let d(a) = -a**3 - 93*a**2 + 227*a + 3516. Give d(-95).
1
Let a(v) = v**3 + 219*v**2 + 10*v + 2207. What is a(-219)?
17
Let s(m) = -4*m**3 - 37*m**2 - 5*m + 27. Give s(-9).
-9
Let h(c) = c**3 + 10*c**2 + 5*c - 4. What is h(-4)?
72
Let k(o) = -o**3 - 22*o**2 - 88*o + 276. Determine k(-15).
21
Let z(j) = -4*j**2 - 11*j + 33. Determine z(4).
-75
Let y(a) = -878*a + 3. Determine y(0).
3
Let b(u) = -u**3 - 18*u**2 + 25*u + 98. What is b(-19)?
-16
Let z(w) = w**2 - 27*w + 155. Determine z(14).
-27
Let d(k) = -2*k**2 + 2436*k + 9782. What is d(-4)?
6
Let g(t) = 2*t**3 + 5*t**2 - 5*t - 44. What is g(-4)?
-72
Let w(g) = 66*g + 548. Give w(-8).
20
Let u(o) = 4317*o + 60428. Give u(-14).
-10
Let k(f) = 241*f + 729. Give k(-3).
6
Let b(p) = -26*p**2 - 685*p - 244. Determine b(-26).
-10
Let z(l) = l**3 - 25*l**2 + 73*l + 66. What is z(22)?
220
Let o(k) = k**3 - 7*k**2 + 171*k - 985. Give o(6).
5
Let w(q) = -q**2 - 69*q + 530. Give w(-76).
-2
Let u(h) = 394*h + 11122. Determine u(-28).
90
Let p(o) = 2*o**2 + 126*o - 92. Give p(-63).
-92
Let h(m) = 296*m - 129. Calculate h(1).
167
Let u(c) = c**3 + 4*c**2 - 45*c + 74. What is u(-10)?
-76
Let c(v) = v**3 - 9*v**2 - 156*v + 1207. Calculate c(7).
17
Let b(w) = -w**3 + 94*w**2 - 261*w + 24528. Give b(94).
-6
Let l(u) = 4*u**3 - 45*u**2 - 30*u - 86. Give l(12).
-14
Let w(t) = -7*t - 123. Give w(-10).
-53
Let i(h) = 4*h**2 + 424*h - 366. Give i(-107).
62
Let m(l) = 11*l**2 - 181*l - 105. What is m(17)?
-3
Let u(w) = -2*w**2 - 58*w - 16. Give u(-15).
404
Let y(t) = -11*t**2 - 2*t + 34. Determine y(3).
-71
Let w(m) = -m**2 + 51*m - 327. Give w(43).
17
Let y(f) = 5*f**2 + 177*f - 1632. Calculate y(-43).
2
Let i(j) = j**3 + 16*j**2 - 4*j + 32. What is i(-17)?
-189
Let c(s) = 2*s**3 + 34*s**2 + 41*s - 2. What is c(-16)?
-146
Let o(w) = -414*w + 1652. Determine o(4).
-4
Let t(h) = -h**3 + 32*h**2 - 290*h + 6901. Give t(30).
1
Let a(s) = -1017*s - 320363. Determine a(-315).
-8
Let z(q) = 521*q - 17191. Determine z(33).
2
Let n(u) = -215*u + 3331. Calculate n(16).
-109
Let g(y) = -153*y**2 - 5*y - 1. Calculate g(1).
-159
Let w(m) = -3*m**2 - 11*m + 58. Calculate w(-7).
-12
Let o(u) = 280*u + 12006. What is o(-43)?
-34
Let g(d) = 3*d**2 + 58*d - 328. What is g(-24)?
8
Let o(g) = -2082*g + 4165. What is o(2)?
1
Let a(u) = -4*u**3 + 96*u**2 - 2*u - 28. Give a(24).
-76
Let a(k) = 8599*k - 171985. Determine a(20).
-5
Let r(w) = -14*w + 11. Determine r(1).
-3
Let n(x) = -89*x + 922. Determine n(11).
-57
Let h(o) = -95*o + 851. What is h(13)?
-384
Let o(w) = -w**3 + 2*w**2 + 37*w + 68. Determine o(-2).
10
Let y(m) = 12*m**3 - 52*m**2 + 17*m - 12. What is y(4)?
-8
Let l(j) = -j**2 + 169*j - 678. Give l(4).
-18
Let a(h) = h**3 - 50*h**2 - 219*h + 150. Give a(54).
-12
Let l(k) = -39*k + 531. Give l(14).
-15
Let g(d) = 17*d**2 - 1327*d + 86. Calculate g(78).
8
Let h(y) = -2*y**2 - 97*y - 904. Give h(-36).
-4
Let s(d) = 1876*d + 11220. Calculate s(-6).
-36
Let l(p) = 78*p**2 + 2263*p + 14. Calculate l(-29).
-15
Let h(i) = 2*i**2 + 80*i - 254. Calculate h(-43).
4
Let q(w) = 12*w**2 + 6*w + 2. Determine q(2).
62
Let d(u) = -5*u**3 - 177*u**2 - 73*u - 96. Determine d(-35).
9
Let x(i) = 106*i - 446. What is x(4)?
-22
Let p(t) = 30*t**2 + t + 17. Give p(4).
501
Let t(p) = -p**3 + 55*p**2 - 158*p + 386. Determine t(52).
282
Let u(k) = 17*k**3 + 14*k**2 - 3*k - 3. What is u(-2)?
-77
Let o(r) = -11*r - 376. Determine o(-28).
-68
Let c(o) = 665*o + 11253. Give c(-17).
-52
Let u(r) = -19878*r + 119276. What is u(6)?
8
Let h(d) = 4*d**2 - 190*d + 1634. Determine h(13).
-160
Let o(n) = 187*n - 43027. Calculate o(230).
-17
Let b(x) = -287*x - 717. Calculate b(-4).
431
Let j(k) = -45*k + 5730. Give j(127).
15
Let x(c) = 4*c**3 + 4*c**2 - 2. Give x(5).
598
Let t(r) = -66*r - 277. Give t(-6).
119
Let t(r) = -r**3 - 15*r**2 - 4*r + 125. Calculate t(-14).
-15
Let j(a) = -a**3 + 13*a**2 - 98*a + 753. What is j(11)?
-83
Let q(g) = -27*g - 117. What is q(-2)?
-63
Let o(m) = 33*m - 11. Give o(-4).
-143
Let c(z) = -3*z**2 + 36*z - 20. Determine c(0).
-20
Let u(c) = -22*c**2 - 697*c + 227. What is u(-32)?
3
Let b(r) = 1666*r - 1632. Calculate b(1).
34
Let n(v) = -v**2 + 53*v - 266. What is n(6)?
16
Let w(f) = -66*f + 10. What is w(6)?
-386
Let p(i) = -1059*i + 67803. Give p(64).
27
Let g(t) = t**2 - 33*t - 51. Give g(32).
-83
Let r(s) = 64*s + 371. Determine r(-6).
-13
Let c(k) = -2*k**2 - 279*k + 2836. Calculate c(-149).
5
Let p(l) = 59*l + 141. What is p(-6)?
-213
Let w(z) = -53*z - 398. What is w(-7)?
-27
Let p(a) = 2*a**2 - 10*a - 22. Calculate p(7).
6
Let m(p) = -10*p**2 - 30*p - 110. Give m(-4).
-150
Let w(v) = 347*v + 9713. What is w(-28)?
-3
Let z(u) = u**3 + 31*u**2 - 34*u - 128. Give z(-32).
-64
Let x(c) = -c**2 - 74*c - 718. Determine x(-12).
26
Let b(d) = -d**2 - 53*d + 115. Give b(-55).
5
Let m(n) = -3*n**3 - 26*n**2 + 269*n + 2351. What is m(-9)?
11
Let t(i) = -45*i**3 + 18*i**2 + 19*i + 2. Give t(-1).
46
Let d(g) = 21*g**2 + 86*g + 2. Determine d(-4).
-6
Let t(y) = -3*y**2 - 239*y + 360. What is t(-81)?
36
Let s(d) = -2016*d + 58476. Give s(29).
12
Let p(s) = -4*s**3 + 78*s**2 - 39*s - 31. Give p(19).
-50
Let u(w) = w**2 - 18*w - 27. Determine u(20).
13
Let g(z) = z**2 - 14*z - 114. Determine g(19).
-19
Let o(i) = i**2 - 4*i - 31. What is o(5)?
-26
Let g(s) = -202*s + 1217. What is g(6)?
5
Let y(i) = -23*i - 310. What is y(-15)?
35
Let h(p) = -3*p**2 - 17*p + 8. Give h(-11).
-168
Let p(r) = 897*r - 12553. What is p(14)?
5
Let b(c) = 3*c**2 - 403*c + 132. Calculate b(135).
402
Let h(q) = -10*q**3 - 19*q**2 + 51*q + 256. Determine h(-6).
1426
Let w(u) = 277*u**3 - u**2 - 4*u + 5. What is w(1)?
277
Let k(y) = y**2 - 13*y + 34. Determine k(8).
-6
Let j(h) = 200*h + 4372. Give j(-21).
172
Let z(n) = 8*n**2 - 196*n + 978. Calculate z(7).
-2
Let d(n) = n**3 - 14*n**2 + 32*n - 34. Give d(12).
62
Let l(s) = 5*s**3 - 6*s**2 + 19*s + 103. Give l(-4).
-389
Let g(n) = -12*n**2 - 185*n - 70. Determine g(-15).
5
Let n(i) = i**3 + 213*i**2 - 1321*i - 1394. Calculate n(-219).
139
Let h(v) = -3*v**3 + 4*v**2 - 2*v - 107. Calculate h(0).
-107
Let a(p) = p**3 - p**2 + 3*p - 169. Determine a(0).
-169
Let p(u) = -32*u**2 + 928*u - 47. Calculate p(29).
-47
Let d(s) = s**3 + 60*s**2 - 58*s + 72. Determine d(-61).
-111
Let m(o) = -36*o + 3. What is m(0)?
3
Let v(p) = p**2 - 46*p + 191. Determine v(41).
-14
Let q(d) = -d**3 - 23*d - 38. Give q(-2).
16
Let b(y) = 3*y**3 + 48*y**2 - 315*y + 4. Calculate b(5).
4
Let u(p) = -31*p**2 - 448*p - 217. What is u(-14)?
-21
Let l(k) = 26*k + 4290. Give l(-166).
-26
Let x(j) = j**3 - 27*j**2 - 82*j + 1523. Determine x(28).
11
Let o(h) = -77*h + 1819. Give o(23).
48
Let b(f) = -221*f - 606. Give b(-3).
57
Let s(a) = 37*a + 76. Calculate s(-2).
2
Let k(d) = -d**3 + 40*d**2 - 2*d + 118. Determine k(40).
38
Let p(j) = j**2 + 20*j - 52. Give p(6).
104
Let v(j) = -2*j - 18. What is v(-50)?
82
Let s(n) = -3*n**2 - 27*n - 122. Determine s(-5).
-62
Let d(t) = -27*t**2 - 876*t - 412. Determine d(-32).
-28
Let h(o) = 8*o + 51. Give h(-7).
-5
Let v(g) = 3*g**2 + 906*g - 16272. Give v(17).
-3
Let x(o) = -13*o + 181. What is x(22)?
-105
Let u(f) = 92*f + 818. What is u(-3)?
542
Let i(o) = 338*o + 3040. Determine i(-9).
-2
Let g(w) = -10*w**2 - 115*w + 193. Determine g(-13).
-2
Let q(o) = 13*o**2 + 81*o - 372. What is q(3)?
-12
Let t(x) = x**3 - 6*x**2 - 35*x + 172. Determine t(7).
-24
Let o(y) = 141*y + 2535. Calculate o(-18).
-3
Let a(l) = -47*l - 452. Determine a(-9).
-29
Let g(n) = -17*n + 1. Determine g(-2).
35
Let j(i) = 127*i + 156. Give j(-2).
-98
Let i(l) = 3*l**2 - 3*l - 49. What is i(5)?
1